= 50 + 42. List the prime factors of h.
23
Let m(u) = u**2 - 3*u**3 + u + 1 + u + 0*u**3. Let s = 136 - 138. What are the prime factors of m(s)?
5
Suppose 7*q - 11*q + 176 = 0. List the prime factors of 8/q + 218/11.
2, 5
Let z(k) = 26*k**3 + k**2 - k. Let c be z(1). Let j be (-4)/c + 8016/52. List the prime factors of j/3 + (-2)/6.
3, 17
Suppose 4*l - 374 = 3*q, -83 = 3*l - 2*q - 363. List the prime factors of l.
2, 23
Suppose z = 2*z + 11. Let b(j) = 24*j - 9. Let v(i) = 15*i. Let l(s) = b(s) - 2*v(s). What are the prime factors of l(z)?
3, 19
Let k = -853 + 878. List the prime factors of k.
5
Let m(v) = -7*v**3 - v - 1. Let t be m(-1). Suppose -2*z + t*z = 180. Let l = -22 + z. What are the prime factors of l?
2, 7
Let r = 217 - 137. Let k = r + 67. What are the prime factors of k?
3, 7
Let k = 4 + 5. Let b be ((-12)/2)/((-18)/k). Let p = 9 - b. List the prime factors of p.
2, 3
Let q(r) = 0*r**3 + 7 + 1337*r**2 - 1345*r**2 + r**3. List the prime factors of q(9).
2, 11
Suppose 0 = -138*n + 109*n + 66671. List the prime factors of n.
11, 19
Suppose 0 = 7*o - 888 - 1408. What are the prime factors of o?
2, 41
Let u be (-5)/(-1) + (4 + 2 - 7). List the prime factors of (-1340)/(-6) - u/(-6).
2, 7
Let c(s) = -s**3 - 7*s**2 + 9*s - 18. Let w be c(-8). Let h = -6 - w. List the prime factors of h.
2, 5
Let w = 327 + 1239. List the prime factors of w.
2, 3, 29
Suppose -64*l + 65*l = 156. Suppose 339 = i + l. What are the prime factors of i?
3, 61
Let n = -85 + 88. Suppose -4*y = -n*y - 35. What are the prime factors of y?
5, 7
Suppose -3*s = 12, h + 4*s + 1070 = 3*h. What are the prime factors of h?
17, 31
Let y(o) = o**3 + 4*o**2 - 9*o - 9. Let h be y(-7). Let p = h - -152. What are the prime factors of p?
59
Let q(n) be the first derivative of -n**3/3 - 9*n**2/2 - 6*n + 2. Let s be -3 + 6/4*(-8)/4. List the prime factors of q(s).
2, 3
Let u(r) = -r**3 - 3*r**2 + 5*r + 7. Let l be u(-4). Let i(g) = 2*g**3 - 2*g**2 + 2*g + 2. What are the prime factors of i(l)?
2, 11
Let u(i) be the third derivative of 1/4*i**4 + i**2 + 0*i + 1/6*i**3 + 1/30*i**5 + 0. What are the prime factors of u(-4)?
3
Suppose 3*p = -2*p + 1560. Suppose -6*k + p = 2*k. What are the prime factors of k?
3, 13
Let f = -4952 - -8360. List the prime factors of f.
2, 3, 71
Let f(a) = 11*a**2 + 30*a + 11. Let q(n) = 5*n**2 + 15*n + 5. Let w(d) = -4*f(d) + 9*q(d). Let m be w(-11). Let i = 73 + m. List the prime factors of i.
2, 3, 5
Let q(u) be the third derivative of u**6/120 + 3*u**5/10 - 5*u**4/6 + 23*u**3/6 - 9*u**2. What are the prime factors of q(-19)?
2, 3, 7
Let b(q) = 31*q**2 + 55*q - 3. What are the prime factors of b(5)?
3, 349
Suppose -5*g + 255 = -5*w, -3*g = 3*w - 76 - 71. Let q = -40 + g. What are the prime factors of q?
2, 5
Suppose 5*n - 4*m - 1096 = 0, -m + 375 - 154 = n. What are the prime factors of n?
2, 5, 11
Suppose l = -l - x + 3, -3*l + 11 = -5*x. Let j be ((-56)/(-20))/(l/10). Suppose 0 = -3*n + 2*h + 34, 0 = 4*n + 3*h - 20 - j. What are the prime factors of n?
2, 5
Suppose -4*h - 26 = -5*h. Suppose 0 = -o + 2*j, 5*o = 2*j - 5*j + h. Suppose 4*a + o*m - 60 = 0, -a - m + 10 = -5*m. List the prime factors of a.
2, 7
Let p = 22 + -32. Let u = 5 + p. Let d(i) = -8*i - 6. What are the prime factors of d(u)?
2, 17
Suppose 136*k - 133*k = 1470. List the prime factors of k.
2, 5, 7
Suppose -76*n = -79*n - 12. List the prime factors of -6*94/n + -4.
137
Let w be 278/8 - 2/(-8). Let i = -34 - -163. Suppose 4*f = w + i. List the prime factors of f.
41
Let s = 7014 - 3182. List the prime factors of s.
2, 479
Suppose 0 = -5*s - 2*p - 66, 4*s + 3*p - p + 54 = 0. Let m(a) = a**3 + 11*a**2 - 17*a - 14. List the prime factors of m(s).
2, 23
Let o(p) be the third derivative of 31*p**6/120 + p**4/4 - 5*p**3/6 - 7*p**2. List the prime factors of o(2).
3, 5, 17
Let d(q) = -q + 1. Let t be d(-4). Let y(n) = n - 2. Let l be y(t). Suppose 5*i - 30 = l*i. List the prime factors of i.
3, 5
Suppose -5*r + 1736 + 1634 = 0. Suppose -s + 337 = -3*c, -4*s + 2*s + 3*c + r = 0. Suppose 5*l = 4*m + s, -m + 3*m = -l + 73. What are the prime factors of l?
3, 23
Suppose 12*b - 20 = 8*b. Let t = b - -23. List the prime factors of t.
2, 7
Suppose 2*s + 2430 = 4*v, -5*v - 367*s + 3039 = -370*s. What are the prime factors of v?
2, 3, 101
Let n be 16/4*3/6 - -125. Suppose -2*t + 3 + 3 = 0. Suppose 14 + n = t*a. What are the prime factors of a?
47
Let s(f) = f**2 + f + 4. Let y be s(0). Suppose 0 = y*r - 16, d - 386 = -d - 4*r. List the prime factors of d.
5, 37
Suppose 3*b = -6, 602 = 5*w + 3*b - 612. Suppose v + 32 = -3*z + w, -v = -z + 68. List the prime factors of z.
2, 5, 7
Let r(p) = p + 1. Let o(k) = 67*k - 26. Let v(a) = o(a) + 4*r(a). List the prime factors of v(3).
191
What are the prime factors of (-1 - -1) + 1021 - (-151)/151?
2, 7, 73
Let v(c) = -c**3 - 42*c**2 - 34*c + 47. List the prime factors of v(-42).
5, 59
Let y(j) = -2*j - 5. Let r be y(4). Let i = r + 10. List the prime factors of ((-48)/10)/(i/10).
2
Let h = -5 - -3. Suppose u = -2*u - 303. List the prime factors of h/(-6) + u/(-3).
2, 17
Let t be (-52)/(-14) - (-5 - (-231)/49). Let y = -12 + 84. Suppose -2*v - y = -t*i + v, 2*v + 36 = 2*i. What are the prime factors of i?
2, 3
Let w(m) = -m**3 + 4*m**2 + m - 3. Let s be w(4). Suppose s = -v - 0*v. List the prime factors of 1/(v/3) - -11.
2
Let s(g) = -33*g + 3. Let l be s(-4). Suppose 5*p + 4*i = 304, -2*p - 3*i = 12 - l. What are the prime factors of p?
2, 3, 5
Let d = 40 + -61. Let b(q) = -4*q + 58. List the prime factors of b(d).
2, 71
Let r = 7 + -13. Let h be (8/r)/((-16)/(-72)). List the prime factors of 19/1 - (h + 4).
3, 7
Let c(a) = 9*a**2 + 4*a - 8. Let k be c(-4). Let d = k + 9. List the prime factors of d.
3, 43
Suppose 5*x - 208 = 5*a + 597, -3*x - a + 499 = 0. What are the prime factors of x?
3, 5, 11
Let s be (-3 + 2)*(0 - 0). Let j(v) = s*v**2 - v**3 + 5*v**2 + 1 - v**2 - 3*v. List the prime factors of j(2).
3
What are the prime factors of 6/66 - 259240/(-88)?
2, 3, 491
What are the prime factors of 485/2*(0 - -2) - 5?
2, 3, 5
Suppose 0 = -3*y + 3*o + 957, -2*y + o + 635 = -4*o. List the prime factors of y.
2, 5
Suppose -355 - 1185 = -14*i. List the prime factors of i.
2, 5, 11
Let w = -154 - -466. List the prime factors of w.
2, 3, 13
Suppose 0 = -5*r + 540 + 1375. Let s = r + -227. What are the prime factors of s?
2, 3, 13
Suppose -4*s = 2*p - 36, 0 = s - 3 - 1. Let h = p + -29. List the prime factors of 2/(1*(-2)/h).
19
Suppose 5*a + 3 + 4 = 3*l, -5*a = -l - 1. What are the prime factors of 27 + -1 + a + 3?
2, 3, 5
Let n be -5*((-8)/(-20))/(-2). Suppose m - 2*m - n = 0. What are the prime factors of m/5 + 208/40?
5
Let c = 291 - -312. What are the prime factors of c?
3, 67
Suppose 3*g - 261 = 810. List the prime factors of g.
3, 7, 17
Suppose -c + 5*c + 192 = 0. Let u = 107 + c. What are the prime factors of u?
59
Suppose 8*f - w = 7*f + 381, 5*f = -4*w + 1932. What are the prime factors of f?
2, 3
Let q(p) = 3 - 7 - 9 - 50*p + 14*p. List the prime factors of q(-4).
131
Let t be 3/(-5) + -4*(-866)/40. Let v = 15 + t. List the prime factors of v.
101
Suppose 2*p = 4*p. List the prime factors of 50 + -4 + 3 + p.
7
Suppose 0 = -m + 4*u + 34, 2*m + 13 - 51 = 2*u. Let v = m + -11. List the prime factors of (4/v)/((-1)/(-9)).
2, 3
Let c be 111*3 + (4 - 2). Suppose -2*s = -4*b - 4 + 14, 7*b = 2*s + 22. Suppose -c = -b*z - z. List the prime factors of z.
67
Let l be (6/4)/((-3)/(-4)). Suppose -4*w - 546 = -5*r, 48 = -3*r + 3*w + 378. Suppose -4*f = -l*f - r. List the prime factors of f.
53
Suppose -4*q + 5*j = j - 2680, -4*j = 20. List the prime factors of q.
5, 7, 19
Suppose 0 = 5*x - 22 - 3. Suppose 3*b + 27 = -6*n + n, 45 = -x*b + 5*n. Let i = 22 - b. List the prime factors of i.
31
Let g(k) = -k + 2. Let j be g(-2). Suppose j*f = 11 + 1. Suppose 0*x = x - 4*h - 33, -69 = -f*x + 2*h. List the prime factors of x.
3, 7
Suppose 5*h = -n - 1249 + 3776, -7581 = -3*n - h. List the prime factors of n.
7, 19
List the prime factors of (-57)/(4/(216/(-6))).
3, 19
Let m be ((-2)/8)/((-3)/36). Let v be m + -1*87/(-3). List the prime factors of ((-15)/4)/((-6)/v).
2, 5
What are the prime factors of 2156/(-231)*2358/(-4)?
2, 3, 7, 131
List the prime factors of 20*(-7 + 6 + 